 digit of ((-1 - -2) + 0)*v?
3
Let r(y) = -2*y**2 - 6*y - 5. Let b be r(-3). Let p(t) = t**2 - 9. Let s be p(b). Let c = s - -8. What is the tens digit of c?
2
Let w(i) = 339*i**2 - i + 2. Let t be w(1). Suppose 597 = 3*x + 5*c, -5*c - 937 = -3*x - t. What is the hundreds digit of x?
1
Suppose 2*j + 4522 = 5*p - 8915, -3*p + 2*j = -8059. What is the hundreds digit of p?
6
Let k(y) = -y**3 + 10*y**2 - 9*y - 14. Let i be 0 + 31/4 - (-2)/8. What is the tens digit of k(i)?
4
Suppose -1375 = -p - 3*x, -3*p = -3*x - 3170 - 991. What is the thousands digit of p?
1
Let v(c) = 108*c + 77. What is the units digit of v(6)?
5
Let y(c) = c - 1. Let x be y(6). Suppose 82 = -x*d + 352. What is the units digit of d?
4
Let l(s) = s**2 + 16*s - 6. Suppose -5*n + 11 = -6*n. Let i be l(n). Let c = i + 87. What is the units digit of c?
6
Suppose 4*a + 40 = -u, 30 = -2*a - u - 2*u. Let m be 1188/28 - a/(-21). Let f = 86 - m. What is the units digit of f?
4
Let l(c) = c**2 - 11*c + 6. Suppose -u - 3*u = -2*b, 3*u - 3 = 0. Let o be ((-15)/4)/(b/(-8)). What is the tens digit of l(o)?
6
Suppose 24 = -11*f + 19*f. Suppose f*z - 448 = z. What is the hundreds digit of z?
2
Suppose -4*w + 2358 = g - 3*g, 1173 = 2*w + g. Suppose -w - 336 = -6*x. What is the hundreds digit of x?
1
Suppose q - 3*q + 8 = -2*j, 1 = -j. Suppose -2*c + 3*h + 339 = c, 5*c - 525 = -q*h. What is the tens digit of c?
0
Let m(o) = -3*o**2 - o**3 + 7*o**3 + 28 - 10*o**2 - 5*o**3 + o. What is the units digit of m(13)?
1
Let f(p) = 595*p - 136. What is the units digit of f(5)?
9
Suppose 0 = 2*l - 3*l + 14. Let z be (-532)/(-22) + (-8)/44 + 0. Let b = z - l. What is the units digit of b?
0
What is the tens digit of 171 + -9 + (-24)/(-12)?
6
Let f be (-4767)/(-6) - (-3)/2. Suppose -2*g - 3*c = -181, 5*g + 4*c + 333 - f = 0. What is the tens digit of g?
9
Let x(r) = -345*r - 377. What is the units digit of x(-7)?
8
Suppose -324 = 7*l - 3*l. Let u = 122 + l. Suppose u + 67 = 3*m. What is the units digit of m?
6
Let b(v) = -11 - 4*v + v - 5*v + 0*v. What is the tens digit of b(-6)?
3
Let j = 272 + -49. What is the hundreds digit of j?
2
Suppose 0 = -4*f - 4*z + 20, -4*f - 4*z = -9*z - 47. Suppose f*q + 19 = 9*q. Suppose 3*w = p - q, -2*w - 31 = -p - 5*w. What is the units digit of p?
5
Let v = 1556 - 638. What is the units digit of v?
8
Let g(u) = -95*u + 94*u - 3 + 1. Let v be g(-6). Suppose v*l - 5*j - 54 - 10 = 0, -l + 3*j + 23 = 0. What is the tens digit of l?
1
Let q(u) = -u**2 + 3*u + 11. Let j be q(-2). What is the tens digit of 1 + (j - 3) + (-1592)/(-8)?
9
Suppose -4*m = -5*y - 21, -3*m - 7 - 11 = 3*y. Let h(j) = -3*j + 1 - 3 - 2*j**2 + 4*j**2. What is the units digit of h(m)?
3
Let n(d) = -d**2 + 4*d + 13. Let o be n(-4). Let s = 33 - o. What is the tens digit of s?
5
Let d(x) = -11*x - 181. What is the tens digit of d(-22)?
6
Suppose 0 = -36*r + 35*r + 4284. What is the hundreds digit of r?
2
Let p(h) = -10 + 13 + 28 + 2*h. What is the units digit of p(13)?
7
Let z = -439 + 2520. What is the hundreds digit of z?
0
Suppose 3*y = -2*f + 3357, -4476 = -4*y - 12*f + 14*f. What is the thousands digit of y?
1
Suppose 1338 = -14*c + 148. Let z = c + 159. What is the units digit of z?
4
Let f(w) = -w**3 - 2*w**2 + 3*w. Let s be f(2). What is the units digit of 136/22 + s/55?
6
What is the units digit of (-827)/(-2) + (-15)/(-10)?
5
Suppose 3*m - 2*m = 11. Suppose -3*o = m - 2. What is the tens digit of (-1)/o + (-476)/(-12)?
4
Suppose 33*p - 25260 = 18*p. What is the hundreds digit of p?
6
Let o be (4/2 - -10)/2. Suppose 4*b + 3 - o = -r, -2*r = 4*b + 2. Suppose 2*f = -2*q - b*q + 14, 0 = 2*f + 3*q - 16. What is the tens digit of f?
1
Suppose -3*s - m + 68 = -5*m, -10 = 2*m. Let d = 112 - s. What is the units digit of d?
6
Let y(b) = -18*b - 22. Let r = -8 + 4. What is the tens digit of y(r)?
5
Suppose 11800 = 4*k + 10*z - 8*z, 4*z = -5*k + 14753. What is the hundreds digit of k?
9
Suppose y - 3*y + 3489 = o, -y + 5*o + 1772 = 0. What is the hundreds digit of y?
7
Let k(d) be the second derivative of 0 + d**2 - 3/2*d**3 - 7*d. What is the units digit of k(-2)?
0
Let g = -26 - -30. Suppose -g*b = -10*b. Suppose -208 = -4*f - b*f. What is the units digit of f?
2
Let q = -96 - -398. What is the units digit of q?
2
Suppose -5 = -q - 46. Let m = -12 - q. Suppose -5*h - 41 + 0 = -4*i, -m = -i - 5*h. What is the units digit of i?
4
Let c(k) = 5*k**2 + 3*k + 1. Let q be c(-2). Let u = q + -8. Suppose 6*z - u = 5*z. What is the units digit of z?
7
Let q(x) = 2*x**2 + 17*x + 7. Let g be q(-8). Let w be g*(-1 + -3 - -2). What is the tens digit of (26/w)/((-12)/(-48))?
5
Let l be (-2)/(-8) + 35/20. Suppose 3 - l = -4*j - 3*h, 0 = 4*j + 4*h + 4. Suppose -j*w = -w - 1. What is the units digit of w?
1
Let g(p) = 3*p**2 - p + 1. Let n be g(1). Suppose 0 = n*w + 2*w - 5. What is the tens digit of 1 - 2 - w - -22?
2
Let w = -9 + 7. Let c(k) = k**3 - k**2 - k. Let t(d) = 3*d**3 + 3*d**2 - 4*d - 5. Let f(m) = w*c(m) + t(m). What is the units digit of f(-4)?
9
Let y = 6 - 3. Let d(s) = 2 + y*s - 11 + 0*s. What is the tens digit of d(7)?
1
Suppose 0 = -4*m + 4*s + 580, -3*m = s + 3*s - 428. What is the units digit of m?
4
Suppose -5*h + 0*w + 5726 = -3*w, 5*w = -4*h + 4566. Suppose 13*p - h = 5*p. What is the tens digit of p?
4
Let j(d) = 2*d**2 - 9*d. Let l(o) = -o**3 - 6*o**2 - o - 13. Let n be l(-6). Let s be (-1)/n + (-82)/(-14). What is the units digit of j(s)?
8
Let u be (2 - -2)/2*(-4)/(-2). Let w(z) = 7*z - 5. What is the tens digit of w(u)?
2
Let t(r) be the second derivative of -r**4/12 - 2*r**3 + 6*r**2 - 7*r. Suppose -s + 2*s = -11. What is the units digit of t(s)?
3
Let l = -39 - -37. What is the tens digit of (-4 - -58) + (0 - l)/2?
5
Let h(d) = -d**3 - 2*d**2 - 18*d + 43. What is the tens digit of h(-13)?
3
Let p be 0/((-8)/(12/3)). Suppose -2*g - 40 = 5*u + 3*g, -2*u + 2*g - 8 = p. What is the units digit of u/4 + 82/4?
9
Let t be 33 + ((-3)/(-3) - 4). Suppose 4*g - g + t = 0. What is the tens digit of (g + 12)/((-4)/(-38))?
1
Suppose 80722 = 52*u + 11146. What is the hundreds digit of u?
3
Suppose 0 = 4*b + 3*d - 759, -d - 2*d - 201 = -b. Suppose 7*y = -b + 948. What is the hundreds digit of y?
1
Let i = -36 + 1914. What is the tens digit of i?
7
Let j(v) = v**3 + 5*v**2 - 8*v + 11. What is the units digit of j(5)?
1
Suppose 29*m - 4496 = 21*m. What is the units digit of m?
2
Let y = 2214 + -1174. What is the units digit of y?
0
Let s be (-1)/2 - 39/(-6). Suppose -203 = -s*x + 31. What is the units digit of x?
9
Let u = -777 + 3848. What is the hundreds digit of u?
0
Let g = 119 - 84. Let n = g + -13. Suppose 3*y + n = 5*y. What is the units digit of y?
1
Suppose 4*h = -2*k - 17 + 1, h = 3*k - 18. Let y(v) = v**3 - 4*v**2 - 1 + 4*v + 11*v**2 - 1. What is the units digit of y(h)?
0
Let q be (-15)/(-15) + 0/1. Let i be (-266)/(-8) + q/(-4). Suppose -2*x + n = -x - 29, x + n - i = 0. What is the tens digit of x?
3
Suppose -30 = -14*o + 8*o. What is the units digit of 30*((9 - (o - 4)) + -3)?
0
Suppose -5*k + 6*c = 2*c - 100, k = 4*c + 20. Suppose 0 = -27*w + 21*w + 12. Suppose 4*u + 2*n = -n + 41, 0 = w*u + 2*n - k. What is the tens digit of u?
1
Let r = 224 - -70. What is the hundreds digit of r?
2
Suppose -2*r + 4*r + 4 = 4*v, 5*r - 10 = 0. Suppose -13*h = -v*h - 1782. What is the tens digit of h?
6
Suppose -5*r = 5*y + 5, -2*y - 2*y = -5*r - 23. Suppose 0 = -4*i + 5*p + 106, 0*i + y*p + 100 = 4*i. Suppose -n = -3*n + i. What is the tens digit of n?
1
Let t = -632 - -1717. What is the thousands digit of t?
1
Suppose x = p + 1, 2*p = 4*x + 1 - 11. Let i(c) = 3*c**2 - 5*c - 1. Let g be i(x). Suppose -v + g = -m + 3*m, 3 = 3*v. What is the units digit of m?
3
Let m = -391 + 604. What is the tens digit of m?
1
Suppose 13 - 1 = 3*b. What is the hundreds digit of 1 + -1 - (b - 303)?
2
Suppose 3*k - j = 2*k + 3, -5*k + 4*j + 14 = 0. Suppose -134 = -l - 3*n, 0*l + 546 = 4*l + k*n. What is the hundreds digit of l?
1
Suppose 229 - 712 = -3*t. Suppose 0 = -4*b - t + 525. Suppose 9*f - b = 2*f. What is the tens digit of f?
1
Let n(c) = -2*c + 2*c + 6 + 3*c - 1. Let v be n(5). Suppose d + 3*y - v = 0, 0*d + 5*y = -4*d + 101. What is the units digit of d?
9
What is the thousands digit of -3 + 2 - 23337/(54/(-6))?
2
Let x